 u(0).
-7
Let p(l) be the first derivative of 7*l**4/4 - l**3/3 - 2. Suppose -3*m = 5*d + 3, -2*m - 2 = -5*d + 3*d. Calculate p(m).
-8
Let l(r) = 4*r + 1. Let d(h) = -7*h + 7. Let x(w) = -d(w) - 2*l(w). What is x(-4)?
-5
Suppose 3 = p + 4, 5*c = -2*p + 13. Suppose -2*q = -3*o + 46, -c*q - 25 = 2*q. Let m(s) = s - 13. Let v be m(o). Let b(g) = 7*g**2. What is b(v)?
7
Let i(h) = -4*h + 1. Let u(w) = -w**2 + 4*w - 1. Let o be u(3). Suppose 21 = 4*t - 3*q, o*t - 3 = -q - 0. Let c be (-1)/t + (-22)/33. Calculate i(c).
5
Suppose 0 = -7*l + 26 + 9. Suppose -12 = l*u + 18. Let i(d) = d**2 + 10*d + 9. Calculate i(u).
-15
Let h(d) = -d**2 - 11*d + 32. Suppose 2*p + 3*g + 43 = 11, -5*g = -3*p - 29. Determine h(p).
6
Let k(y) = 2*y + y**2 + y**2 - y**3 - 5*y**2 + 2 + 4*y. Let h = 120 - 124. What is k(h)?
-6
Suppose -100 = -10*t + 12*t. Let d = 46 + t. Let h(j) = 1 + 5*j + j**2 - j + 5. What is h(d)?
6
Let f(z) = -z**3 + 3*z**2 + 2*z - 3. Let c be f(3). Suppose 0 = 4*k - 20, 0 = 5*i + c*k + 4 + 1. Let p(t) = 3*t + 18 - 21 - 2*t**2 + 3*t**2. Calculate p(i).
1
Let g(h) be the third derivative of h**5/60 - h**4/4 - h**3 - 82*h**2. Let c(p) = 6*p - 10. Let b be c(7). Suppose -i - 2*f + 8 = -0, 2*f - b = -5*i. Give g(i).
-6
Let m(x) = 50*x**3 - 21*x**3 + 4*x**2 + 2 - 15*x**3 - 13*x**3. Give m(-4).
2
Let h(y) = 24*y**2 - 14*y - 9. Let j(d) = 11*d**2 - 6*d - 4. Let l(q) = -6*h(q) + 13*j(q). Determine l(9).
-25
Suppose -8*l + 4*l + 16 = 0. Let n(x) = l - 2 - x - 1 - 9. Determine n(0).
-8
Let g(v) = -4*v**2 - 2*v**2 - 4 + 1 + 6*v**3 + 1 - 5*v**3 + 5*v. Determine g(5).
-2
Let w(v) = 3*v + 4. Let j(f) = -4*f - 1. Let y be j(-1). Suppose y*d - 5*x = d - 37, -38 = 3*d - 4*x. What is w(d)?
-14
Let u(t) be the second derivative of -7*t**5/20 - t**4/12 + t**3/6 - t**2/2 - 3*t. Let c be (123/(-984))/((-2)/16). What is u(c)?
-8
Let k(u) = u**3 - u**2 - u + 6. Let c(y) = 2*y**2 + 4*y + 2. Let j be c(-5). Suppose 4*b + 30 = 2*s, 4*s - j = b + 7. Let i = -9 + s. Calculate k(i).
6
Let t(h) = -h - 2. Suppose 0 = 4*w + 49 + 11. Suppose -4*m = -5*m - 18. Let u = m - w. Give t(u).
1
Suppose -4*r - 20 = -4*t, 2*r + 3*t - 8 = -2*r. Let o(p) = 3*p**2 + p. Give o(r).
2
Let h(d) be the second derivative of 4*d + 0*d**3 + 2*d**2 + 1/2*d**4 + 0 + 1/20*d**5. Give h(-6).
4
Suppose -3*t + 7*t = -28. Suppose 0 = 3*b + 3*k, -b + 3*k + 8 = -2*b. Let c(o) = 10 - b - o**2 - 5 - 6*o. Give c(t).
-6
Suppose 4*r - 16 = 8. Let m = r + -1. Let t(w) = 7*w**3 + 0*w - 1 - 5*w**2 - 6*w**3 - w + 0*w + 3*w. Calculate t(m).
9
Let s(t) be the third derivative of -t**6/120 + 11*t**5/60 - t**4/3 - 2*t**3 + 22*t**2. Give s(10).
8
Let c(v) = -v**2 - 7*v - 7. Suppose 2*g = -5*p + 18, g + 5 = p - 0. Let f be (-5 - -7 - p) + 3*-1. Determine c(f).
3
Let i(c) = c**3 - 3*c**2 - 5. Let q be (-2)/10 - (620/(-25))/(-1). Let w = 29 + q. Calculate i(w).
11
Suppose -9*t + 2 = -8*t. Let g(s) = -9 + 5 - 2*s - t*s - 2*s. Suppose -5*d = 3*q - 0*q + 5, 37 = -3*d + 5*q. Give g(d).
20
Let d(a) = -a - 2. Let z(l) = -25*l - l**3 + 104 + 107 + 25*l**2 + 2*l**3 - 189. Let g be z(-26). Give d(g).
2
Let n(s) = s - 12. Let i(d) = d - 11. Let b(g) = 4*i(g) - 3*n(g). Give b(6).
-2
Let s(n) be the second derivative of 1/20*n**5 - 4*n + 0*n**3 + 1/4*n**4 + 1/2*n**2 + 0. Let f(u) = -u**3 + 3*u**2 + 2*u + 5. Let x be f(4). Determine s(x).
1
Let t(j) = j**3 + 6*j**2 + j + 7. Let y(s) = -2*s**3 + 7 - 21 + s + 2*s - 6*s - 13*s**2. Let a(m) = 5*t(m) + 2*y(m). Suppose 81 = -4*w + 61. Give a(w).
-13
Let s(w) = -5 - 209*w + 10 + 211*w + w**2 - 2*w**2. Calculate s(4).
-3
Let v(j) = -2*j - 4. Suppose 0 = -i + 2*t - 15, -3*i - 2*t + 18 - 31 = 0. Give v(i).
10
Let k(q) = q**2 - 2*q - 3. Suppose -14*n + 10*n - 76 = 0. Suppose -46 = 4*w - 6*w. Let v = w + n. Calculate k(v).
5
Let t(z) = 5*z**2 + 5*z - 16. Let y(f) = f**2 + f - 3. Let d be -23 - (0 + 12/(-3) + 3). Let s(w) = d*y(w) + 4*t(w). Give s(-2).
-2
Let c be (0 - -3)/9 - 8/(-3). Let m(i) = -84 + 85 + 0*i + c*i. Calculate m(1).
4
Let w(n) = -n**3 + 8*n**2 - 5*n - 9. Let m be w(7). Let v(x) = 1 + 3 + m*x + x**2 - 1. Suppose 5*l + 5 = -5*j, -2*j - 14 = -0*l - 2*l. What is v(j)?
-1
Suppose -3 - 25 = -4*p. Let b be 1/4 + p/4. Let k(z) = z**2 + 4*z - 3. Determine k(b).
9
Let j = -43 + 35. Let h(n) be the second derivative of -n**4/12 - 7*n**3/6 - 7*n**2/2 - 2*n. Give h(j).
-15
Let d(w) = 8*w - 6 - 3*w**2 + 0*w**2 + 11. Suppose x = -2 + 8. Let n(z) = -3*z**2 + 9*z + 6. Let k(a) = x*n(a) - 7*d(a). Give k(1).
2
Let p(w) = 2*w**2 - 21*w + 4. Suppose 3 + 7 = r. Determine p(r).
-6
Suppose 0 = -127*v + 123*v + 8. Let d(t) = 2*t - 8. Give d(v).
-4
Let h(n) be the second derivative of -n**5/20 - 5*n**4/12 - 7*n**3/6 - 7*n**2/2 - 30*n. Give h(-4).
5
Let c be 7 + -1 + -5 + -5. Let s(y) = 3*y + 8. Give s(c).
-4
Let n(y) = y**2 + 107*y - 96*y + 0*y**2 + 3. Suppose 20 = -21*b + 19*b. Calculate n(b).
-7
Let o(l) = 14*l. Let n(v) = -15*v. Let y(j) = -4*n(j) - 5*o(j). What is y(-2)?
20
Let z(g) = -7*g**2 + 57*g - 38. Let l(o) = -3*o**2 + 26*o - 18. Let b(y) = -5*l(y) + 2*z(y). Give b(12).
-34
Let b(z) = 2*z**3 + z**2 - z - 1. Let v(y) = 3*y**3 + y**2 - 4*y - 5. Let t(a) = 2*b(a) - v(a). Calculate t(-2).
-5
Let k(s) be the third derivative of -s**5/60 - 7*s**4/24 - s**3/3 + 150*s**2. Calculate k(-5).
8
Let j(h) = -5*h**2 - 4*h + 6. Let s = 619 + -621. Determine j(s).
-6
Let x = 0 + -2. Let d(v) = -5*v - 55 + 98 + 9 - 53. What is d(x)?
9
Let f(k) = 2*k - 5. Let t be f(3). Let m(a) = 0*a - 1 - 5*a + 5*a + 2*a. Determine m(t).
1
Let t(a) be the first derivative of a**4/4 - 2*a**3/3 - 3*a - 31. Suppose 0*d = -d + 3. Give t(d).
6
Suppose 0 = 3*c - 2 - 7. Suppose 4*u - 4 + 8 = 2*z, 4*u + 4 = -c*z. Let d(p) = -12*p**3 - 2*p**2 + 1. What is d(u)?
11
Let d = 0 + -6. Suppose -3*q = -0*q - 6. Let p(r) = 6*r**q - 8 + 2*r + r**3 - 7*r + 2*r + r. Give p(d).
4
Let i be (-684)/(-117) - (-2)/13. Let s(u) be the second derivative of u**4/12 - u**3 + 7*u**2/2 - 15*u + 1. What is s(i)?
7
Let u(k) = -5*k - 84. Let c be u(-16). Let j(g) = g**2 + 4*g - 4. What is j(c)?
-4
Let l(j) be the second derivative of j**3/2 - 3*j**2 + 68*j + 1. What is l(4)?
6
Let v(s) = 3*s**2 + 3*s + 7. Let f(g) = -g**2 - 2*g - 1. Let m(j) = 4*f(j) + v(j). Determine m(-3).
9
Suppose 2*k = -2*g, 0 = -2*g - 0*g + k + 6. Let x(l) = 0*l**2 - 2*l**2 - 2 + 3*l**2 + g*l. Calculate x(-4).
6
Let t(w) = -w**2 - 8*w + 10. Let r(y) = 2*y**2 + 17*y - 21. Let f(g) = -6*r(g) - 13*t(g). Give f(-4).
4
Let d(i) = -i**3 + 10*i**2 - 8*i + 2. Let b(c) = c**2 - 2*c. Let p(k) = 5*b(k) - d(k). Determine p(6).
22
Let l(j) be the first derivative of -j**3/3 + j**2 + 5*j - 1. Let u be (-1)/(3*(-3)/45). Calculate l(u).
-10
Suppose -47 + 74 = 3*h. Let i(p) = -p**2 + 6*p + 10. Calculate i(h).
-17
Let r(x) = -x**2 - 7*x + 1. Let s(d) = d**3 - d**2 - 4*d. Let q be s(-3). Let k = q + 19. What is r(k)?
11
Let f(n) = -2*n + 3. Let l(a) = -a + 1. Let i(w) = 6*f(w) - 13*l(w). Let d(j) = -j - 1. Let r(x) = -2*d(x) + i(x). Determine r(-5).
-8
Let i(x) = -4*x**3 - x. Let s(o) = o**3 - 7*o**2 + 1. Suppose 5*v - 30 = f, 3*v = v + 3*f - 1. Let k be s(v). Give i(k).
-5
Let r(g) be the first derivative of -g**3/3 + 5*g**2/2 + g + 2. Suppose f + m + 0 = 1, 4*f - 3*m = 39. Suppose 5*s - 24 - f = 0. Give r(s).
-5
Let a(t) be the first derivative of -t**2 - t + 1. Let n(i) = 3*i**3 + 35*i**2 - 13*i - 12. Let g be n(-12). Let o be -5 - (g - 2) - -5. Calculate a(o).
-5
Let h(s) = -s**3 + 3*s**2 + s - 7. Suppose -3*m + 9 = 0, k + 26*m = 22*m + 15. Determine h(k).
-4
Let o(m) = -m + 3. Let g = 6 - 4. Let d be o(g). Let p(l) = 8*l**2. Calculate p(d).
8
Let s(z) be the second derivative of -z**5/20 - z**4 - 11*z**3/6 + 5*z**2/2 - 113*z + 1. Determine s(-11).
5
Let c(j) = 8*j + 20*j**3 + 21*j - 9*j**3 - 1 - 28*j. Determine c(1).
11
Let b(g) = g**3 + 14*g**2 + 12*g - 16. Let n be b(-13). Suppose 9 = j - p + 4*p, 3*p + 3 = j. Let x(o) = j*o**2 - 7*o**2 - 4 - 4*o - o + 2*o. Give x(n).
-4
Let t = -214 - -222. Let o(k) = -k**2 + 5*k + 8. Let b(p) = p**2 - 4*p - 8. Let n(w) = 3*b(w) + 4*o(w). Give n(t).
8
Let t be ((-18)/(-8))/((-12)/(-128)). Let c = t + -24. Suppose c = -3*x + 7 + 11. Let l(n) = -n**2 + 6*n - 8. Determine l(x).
-8
Suppose 2*c + 4 = -2. Let y be (-2)/(c/(-30)*-4). Suppose 0 = 4*b - y*f - 11, -11 = 5*b - 4*f - 2